 5. Determine v(1).
6
Let t(i) = -i**3 + 11*i**2 + 4*i - 141. Give t(10).
-1
Let h(g) = 7*g + 53. What is h(-7)?
4
Let p(j) = j**3 - 10*j**2 - 10*j + 12. Determine p(11).
23
Let o(h) = 9*h + 53. Determine o(-5).
8
Let t(v) = -24*v - 1. What is t(1)?
-25
Let f(r) = 32*r + 188. Determine f(-6).
-4
Let i(n) = 17*n - 104. What is i(5)?
-19
Let a(g) = 4*g**3 - 2*g + 4. What is a(2)?
32
Let u(g) = g**2 - 11. Give u(4).
5
Let f(h) = 4*h. Determine f(9).
36
Let h(z) = -z - 11. Determine h(-6).
-5
Let j(d) = -d**2 - d + 2. Give j(-4).
-10
Let m(k) = -2*k**2 + 31. What is m(-3)?
13
Let j(y) = y**2 - 53. Give j(0).
-53
Let r(f) = f**3 + 10*f**2 - 16*f - 8. What is r(-12)?
-104
Let n(j) = -9*j**3 + 2*j + 1. Calculate n(-1).
8
Let f(y) = -18*y + 43. Give f(8).
-101
Let r(h) = -4*h + 3. Give r(-1).
7
Let h(r) = 10*r**2 - r - 2. Calculate h(-1).
9
Let c(h) = 2*h**2 + 4*h + 3. Give c(-2).
3
Let d(t) = -2*t + 10. Calculate d(-6).
22
Let z(y) = y**3 + 3*y**2 + 4*y - 2. Determine z(-2).
-6
Let o(k) = 2*k**2 - 20*k + 14. Calculate o(10).
14
Let r(x) = 5*x - 16. Determine r(-6).
-46
Let d(x) = -x**3 - 8*x**2 + 9*x - 6. Determine d(-9).
-6
Let s(u) = u**2 - 9*u + 17. Give s(8).
9
Let c(w) = w**3 - 8*w**2 - 5*w - 5. Calculate c(9).
31
Let i(w) = 8*w + 10. Give i(-4).
-22
Let u(h) = h**3 + 14*h**2 + 16*h - 14. What is u(-13)?
-53
Let t(g) = -g**3 - 3*g**2 + 13*g + 15. What is t(-5)?
0
Let d(t) = -9*t**2 + 279*t + 3. What is d(31)?
3
Let m(s) = s**2 + 71*s - 225. Give m(-74).
-3
Let g(x) = -x + 2. Calculate g(-7).
9
Let o(d) = -2*d**2 - 57*d - 30. What is o(-28)?
-2
Let t(y) = y**3 + 6*y**2 - 6*y - 3. What is t(-7)?
-10
Let d(x) = -x**3 - x**2 - 2. Determine d(0).
-2
Let y(o) = -o**3 + 31*o**2 + 2*o - 61. Calculate y(31).
1
Let r(d) = 4*d - 28. Give r(-15).
-88
Let n(q) = 2*q**2 + 5*q + 4. Determine n(-2).
2
Let b(v) = v**2 + 6*v - 194. Determine b(11).
-7
Let u(t) = -6*t + 29. Determine u(8).
-19
Let s(a) = a - 22. Determine s(12).
-10
Let b(r) = r**3 + 6*r**2 + 12*r + 4. Give b(-4).
-12
Let u(w) = w**3 - 4*w**2 + 6*w - 4. Calculate u(4).
20
Let p(v) = v**3 - v**2 - 3*v - 4. Give p(3).
5
Let c(j) = j + 1. Calculate c(-1).
0
Let r(j) = 2*j - 3. What is r(-7)?
-17
Let a(u) = u**3 - 2*u**2 + 8*u - 5. Give a(5).
110
Let s(t) = t - 40. Give s(36).
-4
Let a(t) = t - 4. Give a(4).
0
Let m(k) = -5*k + 24. Determine m(5).
-1
Let l(u) = -3*u**2 - 36*u - 74. Give l(-8).
22
Let r(o) = -2*o + 21. Calculate r(0).
21
Let f(k) = -5*k**2 - 4*k - 4. Determine f(-4).
-68
Let n(t) = 3*t**3 - 2*t**2 - t - 1. Calculate n(2).
13
Let x(b) = -2*b**2 + 18*b - 9. Determine x(8).
7
Let p(l) = -3*l**3 + 2*l**2 + l + 2. What is p(2)?
-12
Let s(z) = -19*z + 145. Calculate s(8).
-7
Let a(k) = -k**3 + 7*k**2 - 10*k + 6. Calculate a(6).
-18
Let o(t) = -t**2 + 38*t - 77. Determine o(36).
-5
Let f(h) = 20*h + 16. What is f(-3)?
-44
Let d(y) = -y**3 - 17*y**2 + 8*y - 98. Give d(-18).
82
Let y(v) = v**2 - 29*v - 170. Determine y(-5).
0
Let d(f) = 6*f**3 - 3*f**2 - 6*f - 3. Calculate d(-2).
-51
Let f(b) = -b**3 - 11*b**2 + 3*b + 22. Give f(-11).
-11
Let f(q) = -2*q**3 + 4*q**2 + 7*q - 7. Calculate f(3).
-4
Let v(x) = -12*x - 125. Give v(-11).
7
Let p(q) = -q**2 + 24*q + 95. What is p(24)?
95
Let v(f) = f**3 + 8*f**2 - 22*f - 15. Give v(-10).
5
Let f(z) = z**3 - 12*z**2 + 14*z + 2. Calculate f(11).
35
Let f(d) = -15*d + 17. Give f(1).
2
Let h(c) = 2*c**2 + 2*c - 23. Give h(-4).
1
Let a(b) = b**2 - 9*b + 18. Calculate a(4).
-2
Let w(h) = 2*h + 5. What is w(-7)?
-9
Let t(r) = 18*r + 1. Give t(-6).
-107
Let p(m) = m**3 + 17*m**2 + 20*m - 15. What is p(-16)?
-79
Let n(v) = v**3 + 3*v**2 - 4*v + 2. Calculate n(2).
14
Let n(o) = -2*o - 7. Determine n(-4).
1
Let n(t) = -2*t**3 + 110*t**2 + 8*t - 442. What is n(55)?
-2
Let l(w) = w**2 - 8*w + 18. What is l(13)?
83
Let p(q) = -100*q**3 - 2*q**2 + 2*q - 2. Give p(1).
-102
Let l(k) = -k**2 - 10*k - 11. Give l(-9).
-2
Let c(s) = -31*s - 350. Calculate c(-11).
-9
Let p(f) = f**3 + 6*f**2 - 6*f + 2. Determine p(-8).
-78
Let d(z) = -177*z - 3. Calculate d(1).
-180
Let f(x) = -44*x + 611. Calculate f(14).
-5
Let l(p) = 4*p - 25. What is l(8)?
7
Let j(x) = -x - 36. Calculate j(24).
-60
Let s(k) = -2*k + 13. Determine s(6).
1
Let n(m) = m**3 - 12*m**2 + 26*m - 60. Calculate n(10).
0
Let h(b) = 4*b. Calculate h(-2).
-8
Let o(d) = -d**2 - 8*d + 1. Give o(-8).
1
Let r(c) = -c**3 + 29*c**2 - 33*c - 7. Calculate r(28).
-147
Let d(p) = -2*p**3 + 3*p**2 - p + 4. What is d(3)?
-26
Let k(h) = 2*h + 20. Calculate k(4).
28
Let b(f) = f**2 - 6*f - 8. What is b(5)?
-13
Let n(k) = -2*k - 27. Calculate n(-9).
-9
Let q(b) = 8*b**3 + b**2 - 2*b. Determine q(2).
64
Let z(u) = 59*u**2 + 9*u + 8. Determine z(-1).
58
Let n(q) = -q + 24. Give n(12).
12
Let x(u) = 4*u**2 + 2*u + 2. Give x(2).
22
Let n(p) = p**3 - 9*p**2 - 13*p + 15. Give n(10).
-15
Let y(v) = -10*v + 2. What is y(4)?
-38
Let j(u) = u**3 - 5*u**2 - 5*u + 1. Determine j(6).
7
Let v(n) = -n**3 + 7*n**2 - 3*n - 1. Determine v(3).
26
Let j(c) = -15*c - 12. Calculate j(-1).
3
Let y(b) = b**3 - 5*b**2 + b - 5. Determine y(5).
0
Let q(r) = 2*r**2 - 52*r + 58. Determine q(25).
8
Let f(w) = -w**3 + 12*w**2 + 12*w - 11. Determine f(13).
-24
Let j(t) = t**2 + 6*t + 17. Give j(-7).
24
Let l(v) = 4*v**2 + 39*v + 8. What is l(-9)?
-19
Let j(q) = -2*q**2 + 6*q + 4. Calculate j(-2).
-16
Let d(c) = 12*c + 5. What is d(-6)?
-67
Let h(g) = -g**2 + 9*g + 9. Determine h(8).
17
Let f(k) = 2*k**2 - k - 3. What is f(3)?
12
Let h(p) = p**3 - 10*p**2 - 15*p + 15. Give h(11).
-29
Let x(z) = z**3 + z**2 - 5*z. What is x(0)?
0
Let x(c) = -c**3 + 8*c**2 - 2*c - 6. Determine x(8).
-22
Let b(x) = 4*x + 8. Give b(-6).
-16
Let j(m) = -m**3 + 5*m**2 + 3*m + 10. Determine j(7).
-67
Let h(i) = -i**2 - 9*i + 134. Determine h(8).
-2
Let x(l) = 5*l - 38. Give x(6).
-8
Let i(a) = -13*a + 1. What is i(-1)?
14
Let y(i) = -i**3 + 3*i**2 - i - 3. Give y(3).
-6
Let m(j) = 24*j + 66. What is m(-3)?
-6
Let n(y) = 27*y - 46. Calculate n(2).
8
Let t(n) = -n**2 + 3*n + 6. Calculate t(7).
-22
Let j(v) = v + 13. Determine j(0).
13
Let u(k) = 12*k - 128. Determine u(11).
4
Let t(k) = k**2 - k - 96. Give t(13).
60
Let l(g) = -5*g - 130. Determine l(-31).
25
Let q(v) = 8*v - 4. What is q(-4)?
-36
Let z(u) = -14*u + 71. Give z(4).
15
Let m(b) = -b**3 - 9*b**2 + 9*b + 141. Determine m(-8).
5
Let d(j) = -2*j + 51. Calculate d(17).
17
Let m(a) = -a**2 + 21*a + 2. What is m(19)?
40
Let k(t) = -t**3 + 2*t**2 - 4*t + 6. What is k(4)?
-42
Let m(w) = w**3 - 9*w**2 - 10*w + 3. Calculate m(10).
3
Let a(r) = 3*r**2 + 91*r + 35. Determine a(-30).
5
Let c(h) = 4*h**3 - 92*h**2 - 2*h + 43. Calculate c(23).
-3
Let z(n) = -4*n - 5. Calculate z(2).
-13
Let w(d) = 5*d**2 - 7*d + 18. Give w(3).
42
Let i(f) = -f**2 + 10*f + 54. Give i(14).
-2
Let l(k) = 15*k + 57. Determine l(-4).
-3
Let f(t) = -40*t**3 + 4*t**2 - 2*t. Give f(1).
-38
Let f(m) = -49*m**3 - m**2 - 2*m - 1. Calculate f(-1).
49
Let k(m) = -m + 8. What is k(17)?
-9
Let j(o) = -o**2 + 10*o + 33. What is j(13)?
-6
Let b(t) = -t**2 - t - 36. Give b(0).
-36
Let w(c) = c**2 + 15*c - 27. What is w(-16)?
-11
Let j(g) = 2*g**3 + 3*g**2 - 13*g - 21. Calculate j(-2).
1
Let v(f) = f**3 - 7*f**2 - 8*f + 10. What is v(8)?
10
Let v(u) = -4*u - 27. Give v(-6).
-3
Let s(q) = 9*q - 4. What is s(6)?
50
Let a(d) = 41*d**2 + 28*d + 28. Give a(-1).
41
Let i(h) = 3*h - 2. Calculate i(-1).
-5
Let b(t) = 3*t**2 - 6*t + 10. What is b(3)?
19
Let o(x) = -x**3 - 3*x**2 + 22*x + 10. Calculate o(-6).
-14
Let k(u) = -u**2 - 23*u + 377. Determine k(11).
3
Let y(s) = -6*s**3 + 3*s**2 - 4*s - 2. Determine y(2).
-46
Let x(f) = -3*f - 36. Give x(-12).
0
Let r(y) = y**3 + 14*y**2 + y + 23. Determine r(-14).
9
Let h(d) = d**3 - 6*d**2 - 7*d + 1. Give h(7).
1
Let n(r) = -15*r - 14. Give n(-8).
106
Let t(z) = -8*z - 7. Determine t(-6).
41
Let d(h) = -2*h**2 + 27*h + 16. What is d(19)?
-193
Let k(t) = 41*t**2 - 204*t - 7. Calculate k(5).
-2
Let x(m) = -52*m. Give x(1).
-52
Let k(a) = -a**3 + 7*a**2 + 2*a - 10. Calculate k(7).
4
Let i(h) = -h + 2. Calculate i(7).
-5
Let v(d) = d**2 + 14*d - 4. Give v(-14).
-4
Let w(d) = -9*d - 17. Give w(-4).
19
Let z(r) = 6*r + 37. Determine z(-6).
1
Let u(x) = x**3 - 6*x**2 + x + 15. Calculate u(5).
-5
Let c(m) = 5*m - 150. Calculate c(0).
-150
